{"version":"1.0","provider_name":"Fenntarthat\u00f3s\u00e1g - szubjekt\u00edven","provider_url":"https:\/\/fenntarthato.cafeblog.hu","author_name":"BoglarkaM","author_url":"https:\/\/fenntarthato.cafeblog.hu\/author\/boglarkam\/","title":"\u00c9p\u00edtett\/k\u00f6rnyezet","html":"<p>Hallgattam egyszer egy olyan <em>Futurelearn<\/em> kurzust, ahol feladat volt reflekt\u00e1lni arr\u00f3l, hogyan v\u00e1ltozott meg a k\u00f6rny\u00e9k, ahol \u00e9l\u00fcnk az elm\u00falt 10-15 \u00e9vben, az emberi tev\u00e9kenys\u00e9gek hat\u00e1s\u00e1ra. Volt, aki tudott el\u0151tte-ut\u00e1na fot\u00f3kat is mutatni; kor\u00e1bban z\u00f6ldell\u0151 domboldalakon h\u00e1zak jelentek meg, vagy sz\u00e9lesen elter\u00fcl\u0151 legel\u0151ket aszfaltutak szabdaltak fel.<br \/>\u00a0Ak\u00e1r tetszik, ak\u00e1r nem, az ember \u00fajabb \u00e9s \u00fajabb ter\u00fcleteket h\u00f3d\u00edt el a term\u00e9szett\u0151l (m\u00e1sr\u00e9szt meg kor\u00e1bban lakott vid\u00e9kek eln\u00e9ptelenednek, r\u00e9gi tany\u00e1kat, vagy katasztr\u00f3fa s\u00fajtotta telep\u00fcl\u00e9seket lassan \"visszafoglal\" a term\u00e9szet) ez az elh\u00f3d\u00edt\u00e1s pedig hat\u00e1ssal lesz a k\u00e9s\u0151bbi \u00e9let\u00fcnkre.<\/p>\r\n<p>\u00a0Nem csak az\u00e9rt, mert megzavarja az adott ter\u00fclet \u00f6kol\u00f3giai egyens\u00faly\u00e1t, \u00e9s\u00a0megbolygathatja a fajok k\u00f6z\u00f6tti k\u00f6lcs\u00f6nhat\u00e1sokat, hanem az\u00e9rt, mert a term\u00e9szet eszt\u00e9tikai \u00e9rt\u00e9k\u00e9t is megv\u00e1ltoztatja, ami pedig az eg\u00e9szs\u00e9ges egyedfejl\u0151d\u00e9s szempontj\u00e1b\u00f3l egy\u00e1ltal\u00e1n nem elhanyagolhat\u00f3 t\u00e9nyez\u0151.\u00a0Nem mindegy, hogy az ablakon kin\u00e9zve (vagy kutyas\u00e9t\u00e1ltat\u00e1s k\u00f6zben) milyen t\u00e1jat l\u00e1tunk, vagy\u00a0hogy a term\u00e9szet mint \u00e9rt\u00e9k fogalm\u00e1t \u00e1t tudjuk-e adni a gyerekeinknek.<\/p>\r\n<p>\u00a0Izlandon nemr\u00e9giben egy nagyon \u00e9rdekes\u00a0p\u00e1ly\u00e1zatot \u00edrtak ki: a magasfesz\u00fclts\u00e9g\u0171 vezet\u00e9kek tart\u00f3oszlopait kellett \u00fagy \u00fajragondolni, hogy megjelen\u00e9s\u00fckkel illeszkedjenek a l\u00e1tk\u00e9pbe.\u00a0\u00cdme a nyertes munka:<\/p>\r\n<p><a href=\"https:\/\/fenntarthato.cafeblog.hu\/files\/2016\/02\/land-of-giants.jpeg\"><img class=\"aligncenter size-medium wp-image-646\" src=\"https:\/\/fenntarthato.cafeblog.hu\/files\/2016\/02\/land-of-giants-300x207.jpeg\" alt=\"land of giants fenntarthato.cafeblog\" width=\"300\" height=\"207\" \/><\/a><\/p>\r\n<p>\u00a0Ezek a villanyp\u00f3zn\u00e1k emberalakokat form\u00e1znak, mintha \u00f3ri\u00e1sok tartan\u00e1k a vezet\u00e9keket. Ez el\u00e9g szokatlan, ugyanakkor nagyon l\u00edrai megk\u00f6zel\u00edt\u00e9se is az ember-term\u00e9szet kapcsolat\u00e1nak. <a href=\"http:\/\/www.choishine.com\/Projects\/giants.html\" target=\"_blank\">A projektr\u0151l itt lehet b\u0151vebben olvasni<\/a>, nagyon \u00e9rdekes, ahogy k\u00e9peken kereszt\u00fcl bemutatj\u00e1k a v\u00e1zszerkezetet is - nem fix alakzatokr\u00f3l van ugyanis sz\u00f3, k\u00fcl\u00f6nb\u00f6z\u0151 p\u00f3zokba lehet rendezni az \u00f3ri\u00e1sok v\u00e9gtagjait, \u00e9s \u00edgy lehet reflekt\u00e1lni a k\u00f6rnyezetre, pl. egy-egy hegyoldalba m\u00e1sz\u00f3, vagy let\u00e9rdel\u0151 alakokat is lehet tenni.<\/p>\r\n<p>\u00a0Izland nagyon izgalmas vid\u00e9k, kor\u00e1bban m\u00e1r \u00edrtam a <a href=\"https:\/\/fenntarthato.cafeblog.hu\/2015\/10\/26\/fenntarthato-karacsony-2015\/\" target=\"_blank\">kar\u00e1csonyi macska<\/a> hagyom\u00e1ny\u00e1r\u00f3l, \u00e9s eg\u00e9szen elk\u00e9peszt\u0151, amit alternat\u00edv energia-fronton m\u0171velnek - sz\u00f3val, biztosan lesz m\u00e9g r\u00f3la sz\u00f3.<\/p>","type":"rich","thumbnail_url":"https:\/\/fenntarthato.cafeblog.hu\/files\/2016\/02\/mfpylonbackdrop4a-150x150.jpeg","thumbnail_width":150,"thumbnail_height":150}

Fenntarthatóság - szubjektíven

Épített/környezet

<p>Hallgattam egyszer egy olyan <em>Futurelearn</em> kurzust, ahol feladat volt reflektálni arról, hogyan változott meg a környék, ahol élünk az elmúlt 10-15 évben, az emberi tevékenységek hatására. Volt, aki tudott előtte-utána fotókat is mutatni; korábban zöldellő domboldalakon házak jelentek meg, vagy szélesen elterülő legelőket aszfaltutak szabdaltak fel.<br /> Akár tetszik, akár nem, az ember újabb és újabb területeket hódít el a természettől (másrészt meg korábban lakott vidékek elnéptelenednek, régi tanyákat, vagy katasztrófa sújtotta településeket lassan "visszafoglal" a természet) ez az elhódítás pedig hatással lesz a későbbi életünkre.</p>
<p> Nem csak azért, mert megzavarja az adott terület ökológiai egyensúlyát, és megbolygathatja a fajok közötti kölcsönhatásokat, hanem azért, mert a természet esztétikai értékét is megváltoztatja, ami pedig az egészséges egyedfejlődés szempontjából egyáltalán nem elhanyagolható tényező. Nem mindegy, hogy az ablakon kinézve (vagy kutyasétáltatás közben) milyen tájat látunk, vagy hogy a természet mint érték fogalmát át tudjuk-e adni a gyerekeinknek.</p>
<p> Izlandon nemrégiben egy nagyon érdekes pályázatot írtak ki: a magasfeszültségű vezetékek tartóoszlopait kellett úgy újragondolni, hogy megjelenésükkel illeszkedjenek a látképbe. Íme a nyertes munka:</p>
<p><a href="https://fenntarthato.cafeblog.hu/files/2016/02/land-of-giants.jpeg"><img class="aligncenter size-medium wp-image-646" src="https://fenntarthato.cafeblog.hu/files/2016/02/land-of-giants-300x207.jpeg" alt="land of giants fenntarthato.cafeblog" width="300" height="207" /></a></p>
<p> Ezek a villanypóznák emberalakokat formáznak, mintha óriások tartanák a vezetékeket. Ez elég szokatlan, ugyanakkor nagyon lírai megközelítése is az ember-természet kapcsolatának. <a href="http://www.choishine.com/Projects/giants.html" target="_blank">A projektről itt lehet bővebben olvasni</a>, nagyon érdekes, ahogy képeken keresztül bemutatják a vázszerkezetet is - nem fix alakzatokról van ugyanis szó, különböző pózokba lehet rendezni az óriások végtagjait, és így lehet reflektálni a környezetre, pl. egy-egy hegyoldalba mászó, vagy letérdelő alakokat is lehet tenni.</p>
<p> Izland nagyon izgalmas vidék, korábban már írtam a <a href="https://fenntarthato.cafeblog.hu/2015/10/26/fenntarthato-karacsony-2015/" target="_blank">karácsonyi macska</a> hagyományáról, és egészen elképesztő, amit alternatív energia-fronton művelnek - szóval, biztosan lesz még róla szó.</p>
