{"version":"1.0","provider_name":"Fenntarthat\u00f3s\u00e1g - szubjekt\u00edven","provider_url":"https:\/\/fenntarthato.cafeblog.hu","author_name":"BoglarkaM","author_url":"https:\/\/fenntarthato.cafeblog.hu\/author\/boglarkam\/","title":"Kedves 2016!","html":"<p><a href=\"https:\/\/fenntarthato.cafeblog.hu\/files\/2016\/01\/piros-bogy\u00f3s-v\u00e1gott2.png\"><img class=\" wp-image-442 aligncenter\" src=\"https:\/\/fenntarthato.cafeblog.hu\/files\/2016\/01\/piros-bogy\u00f3s-v\u00e1gott2-300x300.png\" alt=\"piros bogy\u00f3s v\u00e1gott2\" width=\"250\" height=\"250\" \/><\/a><\/p>\r\n<p>\u00a0Milyen k\u00fcl\u00f6n\u00f6s, amikor az \u00e9v els\u0151 napja \u00e9ppen p\u00e9ntekre esik. A p\u00e9ntekben m\u00e1r benne van a k\u00f6zelg\u0151 szabads\u00e1g \u00edg\u00e9rete, de m\u00e9g h\u00e9tk\u00f6znap; j\u00f3kedv\u0171bb, k\u00f6nnyedebb ilyenkor a k\u00f6telezetts\u00e9gek teljes\u00edt\u00e9se.<\/p>\r\n<p>Ilyen lesz az eg\u00e9sz \u00e9vem, ha a terveimet megval\u00f3s\u00edtom. Itt a blogon janu\u00e1r v\u00e9g\u00e9n kezd\u0151dik majd valami nagyon izgalmas -\u00a0lesz vele munka, \u00c9S\u00a0j\u00f3 mulats\u00e1g lesz!\u00a0<\/p>\r\n<p>\u00a0Kedves 2016! Remek dolgokat fogunk egy\u00fctt v\u00e9ghezvinni! P\u00e9ld\u00e1ul, ha \u00edgy folytatod, ma este h\u00f3embert is \u00e9p\u00edthet\u00fcnk!<\/p>\r\n<p><a href=\"https:\/\/fenntarthato.cafeblog.hu\/files\/2016\/01\/z\u00f6ld-v\u00e1gott2.png\"><img class=\" wp-image-443 aligncenter\" src=\"https:\/\/fenntarthato.cafeblog.hu\/files\/2016\/01\/z\u00f6ld-v\u00e1gott2-300x300.png\" alt=\"z\u00f6ld v\u00e1gott2\" width=\"250\" height=\"250\" \/><\/a><\/p>","type":"rich"}

Fenntarthatóság - szubjektíven

<p><a href="https://fenntarthato.cafeblog.hu/files/2016/01/piros-bogyós-vágott2.png"><img class=" wp-image-442 aligncenter" src="https://fenntarthato.cafeblog.hu/files/2016/01/piros-bogyós-vágott2-300x300.png" alt="piros bogyós vágott2" width="250" height="250" /></a></p>
<p> Milyen különös, amikor az év első napja éppen péntekre esik. A péntekben már benne van a közelgő szabadság ígérete, de még hétköznap; jókedvűbb, könnyedebb ilyenkor a kötelezettségek teljesítése.</p>
<p>Ilyen lesz az egész évem, ha a terveimet megvalósítom. Itt a blogon január végén kezdődik majd valami nagyon izgalmas - lesz vele munka, ÉS jó mulatság lesz! </p>
<p> Kedves 2016! Remek dolgokat fogunk együtt véghezvinni! Például, ha így folytatod, ma este hóembert is építhetünk!</p>
<p><a href="https://fenntarthato.cafeblog.hu/files/2016/01/zöld-vágott2.png"><img class=" wp-image-443 aligncenter" src="https://fenntarthato.cafeblog.hu/files/2016/01/zöld-vágott2-300x300.png" alt="zöld vágott2" width="250" height="250" /></a></p>
